{"id":3756,"date":"2024-06-12T16:17:05","date_gmt":"2024-06-12T14:17:05","guid":{"rendered":"https:\/\/www.btv-rar.de\/?page_id=3756"},"modified":"2026-04-01T17:29:35","modified_gmt":"2026-04-01T15:29:35","slug":"betreuungsverfuegung","status":"publish","type":"page","link":"https:\/\/www.btv-rar.de\/de_de\/betreuungsverfuegung\/","title":{"rendered":"Betreuungsverf\u00fcgung"},"content":{"rendered":"\t\t<div data-elementor-type=\"wp-page\" data-elementor-id=\"3756\" class=\"elementor elementor-3756\">\n\t\t\t\t<div class=\"elementor-element elementor-element-ab9d4a4 e-flex e-con-boxed e-con e-parent\" data-id=\"ab9d4a4\" data-element_type=\"container\">\n\t\t\t\t\t<div class=\"e-con-inner\">\n\t\t<div class=\"elementor-element elementor-element-75a68cf e-con-full e-flex e-con e-child\" data-id=\"75a68cf\" data-element_type=\"container\">\n\t\t\t\t<div class=\"elementor-element elementor-element-302d4ca elementor-widget elementor-widget-text-editor\" data-id=\"302d4ca\" data-element_type=\"widget\" data-widget_type=\"text-editor.default\">\n\t\t\t\t<div class=\"elementor-widget-container\">\n\t\t\t\t\t\t\t\t\t<p>Eine Betreuungsverf\u00fcgung ist ein wesentliches Instrument der rechtlichen Vorsorge, das es einer Person erm\u00f6glicht, im Voraus festzulegen, wer im Falle einer zuk\u00fcnftigen Entscheidungsunf\u00e4higkeit als Betreuer bestellt werden soll. Sie stellt sicher, dass im Bedarfsfall eine Person des Vertrauens die Betreuung \u00fcbernimmt und im Sinne des Verf\u00fcgenden handelt. Im Gegensatz zur Vorsorgevollmacht wird der Betreuer von einem Gericht bestellt, aber die Betreuungsverf\u00fcgung dient als wichtige Orientierungshilfe f\u00fcr die Gerichtsentscheidung.<\/p>\t\t\t\t\t\t\t\t<\/div>\n\t\t\t\t<\/div>\n\t\t\t\t<div class=\"elementor-element elementor-element-a6132a9 elementor-widget elementor-widget-heading\" data-id=\"a6132a9\" data-element_type=\"widget\" data-widget_type=\"heading.default\">\n\t\t\t\t<div class=\"elementor-widget-container\">\n\t\t\t\t\t<h2 class=\"elementor-heading-title elementor-size-default\">Was ist eine Betreuungsverf\u00fcgung?<\/h2>\t\t\t\t<\/div>\n\t\t\t\t<\/div>\n\t\t\t\t<div class=\"elementor-element elementor-element-c238cba elementor-widget elementor-widget-text-editor\" data-id=\"c238cba\" data-element_type=\"widget\" data-widget_type=\"text-editor.default\">\n\t\t\t\t<div class=\"elementor-widget-container\">\n\t\t\t\t\t\t\t\t\t<p>Eine Betreuungsverf\u00fcgung ist eine schriftliche Erkl\u00e4rung, in der eine Person (der Verf\u00fcgende) festlegt, wer im Falle ihrer eigenen Entscheidungsunf\u00e4higkeit als Betreuer eingesetzt werden soll. Zus\u00e4tzlich kann der Verf\u00fcgende auch angeben, welche Personen auf keinen Fall als Betreuer infrage kommen. Die Verf\u00fcgung richtet sich an das Betreuungsgericht und ist f\u00fcr dieses bei der Auswahl des Betreuers bindend, sofern keine wichtigen Gr\u00fcnde dagegen sprechen.<\/p>\t\t\t\t\t\t\t\t<\/div>\n\t\t\t\t<\/div>\n\t\t\t\t<div class=\"elementor-element elementor-element-7e76b93 elementor-widget elementor-widget-heading\" data-id=\"7e76b93\" data-element_type=\"widget\" data-widget_type=\"heading.default\">\n\t\t\t\t<div class=\"elementor-widget-container\">\n\t\t\t\t\t<h2 class=\"elementor-heading-title elementor-size-default\">Warum ist eine Betreuungsverf\u00fcgung wichtig?<\/h2>\t\t\t\t<\/div>\n\t\t\t\t<\/div>\n\t\t\t\t<div class=\"elementor-element elementor-element-128bbc6 elementor-widget elementor-widget-heading\" data-id=\"128bbc6\" data-element_type=\"widget\" data-widget_type=\"heading.default\">\n\t\t\t\t<div class=\"elementor-widget-container\">\n\t\t\t\t\t<h2 class=\"elementor-heading-title elementor-size-default\">Eine Betreuungsverf\u00fcgung bietet mehrere Vorteile:<\/h2>\t\t\t\t<\/div>\n\t\t\t\t<\/div>\n\t\t\t\t<div class=\"elementor-element elementor-element-2791408 elementor-icon-list--layout-traditional elementor-list-item-link-full_width elementor-widget elementor-widget-icon-list\" data-id=\"2791408\" data-element_type=\"widget\" data-widget_type=\"icon-list.default\">\n\t\t\t\t<div class=\"elementor-widget-container\">\n\t\t\t\t\t\t\t<ul class=\"elementor-icon-list-items\">\n\t\t\t\t\t\t\t<li class=\"elementor-icon-list-item\">\n\t\t\t\t\t\t\t\t\t\t\t<span class=\"elementor-icon-list-icon\">\n\t\t\t\t\t\t\t<i aria-hidden=\"true\" class=\"fas fa-circle\"><\/i>\t\t\t\t\t\t<\/span>\n\t\t\t\t\t\t\t\t\t\t<span class=\"elementor-icon-list-text\">Selbstbestimmung<\/span>\n\t\t\t\t\t\t\t\t\t<\/li>\n\t\t\t\t\t\t\t\t<li class=\"elementor-icon-list-item\">\n\t\t\t\t\t\t\t\t\t\t\t<span class=\"elementor-icon-list-icon\">\n\t\t\t\t\t\t\t<i aria-hidden=\"true\" class=\"fas fa-circle\"><\/i>\t\t\t\t\t\t<\/span>\n\t\t\t\t\t\t\t\t\t\t<span class=\"elementor-icon-list-text\">Vertrauensschutz<\/span>\n\t\t\t\t\t\t\t\t\t<\/li>\n\t\t\t\t\t\t\t\t<li class=\"elementor-icon-list-item\">\n\t\t\t\t\t\t\t\t\t\t\t<span class=\"elementor-icon-list-icon\">\n\t\t\t\t\t\t\t<i aria-hidden=\"true\" class=\"fas fa-circle\"><\/i>\t\t\t\t\t\t<\/span>\n\t\t\t\t\t\t\t\t\t\t<span class=\"elementor-icon-list-text\">Verschiedene Informationsveranstaltungen zum Thema rechtliche Unterst\u00fctzung<\/span>\n\t\t\t\t\t\t\t\t\t<\/li>\n\t\t\t\t\t\t<\/ul>\n\t\t\t\t\t\t<\/div>\n\t\t\t\t<\/div>\n\t\t\t\t<\/div>\n\t\t<div class=\"elementor-element elementor-element-21fdeff e-con-full e-flex e-con e-child\" data-id=\"21fdeff\" data-element_type=\"container\">\n\t\t<div class=\"elementor-element elementor-element-ff537dc e-flex e-con-boxed e-con e-child\" data-id=\"ff537dc\" data-element_type=\"container\" data-settings=\"{&quot;background_background&quot;:&quot;classic&quot;}\">\n\t\t\t\t\t<div class=\"e-con-inner\">\n\t\t\t\t<div class=\"elementor-element elementor-element-8f04d18 elementor-widget elementor-widget-heading\" data-id=\"8f04d18\" data-element_type=\"widget\" data-widget_type=\"heading.default\">\n\t\t\t\t<div class=\"elementor-widget-container\">\n\t\t\t\t\t<h6 class=\"elementor-heading-title elementor-size-default\">Ort:<\/h6>\t\t\t\t<\/div>\n\t\t\t\t<\/div>\n\t\t\t\t<div class=\"elementor-element elementor-element-85f21c9 elementor-widget elementor-widget-text-editor\" data-id=\"85f21c9\" data-element_type=\"widget\" data-widget_type=\"text-editor.default\">\n\t\t\t\t<div class=\"elementor-widget-container\">\n\t\t\t\t\t\t\t\t\t<p>Wolfgang-M\u00fcller-Str. 7a 53474 Bad Neuenahr-Ahrweiler<\/p>\t\t\t\t\t\t\t\t<\/div>\n\t\t\t\t<\/div>\n\t\t\t\t<div class=\"elementor-element elementor-element-8b615d0 elementor-widget elementor-widget-heading\" data-id=\"8b615d0\" data-element_type=\"widget\" data-widget_type=\"heading.default\">\n\t\t\t\t<div class=\"elementor-widget-container\">\n\t\t\t\t\t<h6 class=\"elementor-heading-title elementor-size-default\">Tel:<\/h6>\t\t\t\t<\/div>\n\t\t\t\t<\/div>\n\t\t\t\t<div class=\"elementor-element elementor-element-5e6ad8a elementor-widget elementor-widget-text-editor\" data-id=\"5e6ad8a\" data-element_type=\"widget\" data-widget_type=\"text-editor.default\">\n\t\t\t\t<div class=\"elementor-widget-container\">\n\t\t\t\t\t\t\t\t\t<p><a>+49 2641 9506320<\/a><\/p>\t\t\t\t\t\t\t\t<\/div>\n\t\t\t\t<\/div>\n\t\t\t\t<div class=\"elementor-element elementor-element-592d331 elementor-widget elementor-widget-heading\" data-id=\"592d331\" data-element_type=\"widget\" data-widget_type=\"heading.default\">\n\t\t\t\t<div class=\"elementor-widget-container\">\n\t\t\t\t\t<h6 class=\"elementor-heading-title elementor-size-default\">Fax:<\/h6>\t\t\t\t<\/div>\n\t\t\t\t<\/div>\n\t\t\t\t<div class=\"elementor-element elementor-element-8f93cf1 elementor-widget elementor-widget-text-editor\" data-id=\"8f93cf1\" data-element_type=\"widget\" data-widget_type=\"text-editor.default\">\n\t\t\t\t<div class=\"elementor-widget-container\">\n\t\t\t\t\t\t\t\t\t<p>02641-2016184217<\/p>\t\t\t\t\t\t\t\t<\/div>\n\t\t\t\t<\/div>\n\t\t\t\t<div class=\"elementor-element elementor-element-aefc08f elementor-widget elementor-widget-heading\" data-id=\"aefc08f\" data-element_type=\"widget\" data-widget_type=\"heading.default\">\n\t\t\t\t<div class=\"elementor-widget-container\">\n\t\t\t\t\t<h6 class=\"elementor-heading-title elementor-size-default\">Email:<\/h6>\t\t\t\t<\/div>\n\t\t\t\t<\/div>\n\t\t\t\t<div class=\"elementor-element elementor-element-f3d1f1a elementor-widget elementor-widget-text-editor\" data-id=\"f3d1f1a\" data-element_type=\"widget\" data-widget_type=\"text-editor.default\">\n\t\t\t\t<div class=\"elementor-widget-container\">\n\t\t\t\t\t\t\t\t\t<p>info@btv-rar.de<\/p>\t\t\t\t\t\t\t\t<\/div>\n\t\t\t\t<\/div>\n\t\t\t\t\t<\/div>\n\t\t\t\t<\/div>\n\t\t\t\t<\/div>\n\t\t\t\t\t<\/div>\n\t\t\t\t<\/div>\n\t\t\t\t<\/div>\n\t\t","protected":false},"excerpt":{"rendered":"<p>Eine Betreuungsverf\u00fcgung ist ein wesentliches Instrument der rechtlichen Vorsorge, das es einer Person erm\u00f6glicht, im Voraus festzulegen, wer im Falle einer zuk\u00fcnftigen Entscheidungsunf\u00e4higkeit als Betreuer bestellt werden soll. Sie stellt sicher, dass im Bedarfsfall eine Person des Vertrauens die Betreuung \u00fcbernimmt und im Sinne des Verf\u00fcgenden handelt. Im Gegensatz zur Vorsorgevollmacht wird der Betreuer von [&hellip;]<\/p>\n","protected":false},"author":1,"featured_media":0,"parent":0,"menu_order":0,"comment_status":"closed","ping_status":"closed","template":"elementor_header_footer","meta":{"_monsterinsights_skip_tracking":false,"_monsterinsights_sitenote_active":false,"_monsterinsights_sitenote_note":"","_monsterinsights_sitenote_category":0,"footnotes":""},"class_list":["post-3756","page","type-page","status-publish","hentry"],"aioseo_notices":[],"_links":{"self":[{"href":"https:\/\/www.btv-rar.de\/de_de\/wp-json\/wp\/v2\/pages\/3756","targetHints":{"allow":["GET"]}}],"collection":[{"href":"https:\/\/www.btv-rar.de\/de_de\/wp-json\/wp\/v2\/pages"}],"about":[{"href":"https:\/\/www.btv-rar.de\/de_de\/wp-json\/wp\/v2\/types\/page"}],"author":[{"embeddable":true,"href":"https:\/\/www.btv-rar.de\/de_de\/wp-json\/wp\/v2\/users\/1"}],"replies":[{"embeddable":true,"href":"https:\/\/www.btv-rar.de\/de_de\/wp-json\/wp\/v2\/comments?post=3756"}],"version-history":[{"count":10,"href":"https:\/\/www.btv-rar.de\/de_de\/wp-json\/wp\/v2\/pages\/3756\/revisions"}],"predecessor-version":[{"id":4161,"href":"https:\/\/www.btv-rar.de\/de_de\/wp-json\/wp\/v2\/pages\/3756\/revisions\/4161"}],"wp:attachment":[{"href":"https:\/\/www.btv-rar.de\/de_de\/wp-json\/wp\/v2\/media?parent=3756"}],"curies":[{"name":"wp","href":"https:\/\/api.w.org\/{rel}","templated":true}]}}

Betreuungsverfügung

<div data-elementor-type="wp-page" data-elementor-id="3756" class="elementor elementor-3756">
				<div class="elementor-element elementor-element-ab9d4a4 e-flex e-con-boxed e-con e-parent" data-id="ab9d4a4" data-element_type="container">
					<div class="e-con-inner">
		<div class="elementor-element elementor-element-75a68cf e-con-full e-flex e-con e-child" data-id="75a68cf" data-element_type="container">
				<div class="elementor-element elementor-element-302d4ca elementor-widget elementor-widget-text-editor" data-id="302d4ca" data-element_type="widget" data-widget_type="text-editor.default">
				<div class="elementor-widget-container">
									<p>Eine Betreuungsverfügung ist ein wesentliches Instrument der rechtlichen Vorsorge, das es einer Person ermöglicht, im Voraus festzulegen, wer im Falle einer zukünftigen Entscheidungsunfähigkeit als Betreuer bestellt werden soll. Sie stellt sicher, dass im Bedarfsfall eine Person des Vertrauens die Betreuung übernimmt und im Sinne des Verfügenden handelt. Im Gegensatz zur Vorsorgevollmacht wird der Betreuer von einem Gericht bestellt, aber die Betreuungsverfügung dient als wichtige Orientierungshilfe für die Gerichtsentscheidung.</p>								</div>
				</div>
				<div class="elementor-element elementor-element-a6132a9 elementor-widget elementor-widget-heading" data-id="a6132a9" data-element_type="widget" data-widget_type="heading.default">
				<div class="elementor-widget-container">
					<h2 class="elementor-heading-title elementor-size-default">Was ist eine Betreuungsverfügung?</h2>				</div>
				</div>
				<div class="elementor-element elementor-element-c238cba elementor-widget elementor-widget-text-editor" data-id="c238cba" data-element_type="widget" data-widget_type="text-editor.default">
				<div class="elementor-widget-container">
									<p>Eine Betreuungsverfügung ist eine schriftliche Erklärung, in der eine Person (der Verfügende) festlegt, wer im Falle ihrer eigenen Entscheidungsunfähigkeit als Betreuer eingesetzt werden soll. Zusätzlich kann der Verfügende auch angeben, welche Personen auf keinen Fall als Betreuer infrage kommen. Die Verfügung richtet sich an das Betreuungsgericht und ist für dieses bei der Auswahl des Betreuers bindend, sofern keine wichtigen Gründe dagegen sprechen.</p>								</div>
				</div>
				<div class="elementor-element elementor-element-7e76b93 elementor-widget elementor-widget-heading" data-id="7e76b93" data-element_type="widget" data-widget_type="heading.default">
				<div class="elementor-widget-container">
					<h2 class="elementor-heading-title elementor-size-default">Warum ist eine Betreuungsverfügung wichtig?</h2>				</div>
				</div>
				<div class="elementor-element elementor-element-128bbc6 elementor-widget elementor-widget-heading" data-id="128bbc6" data-element_type="widget" data-widget_type="heading.default">
				<div class="elementor-widget-container">
					<h2 class="elementor-heading-title elementor-size-default">Eine Betreuungsverfügung bietet mehrere Vorteile:</h2>				</div>
				</div>
				<div class="elementor-element elementor-element-2791408 elementor-icon-list--layout-traditional elementor-list-item-link-full_width elementor-widget elementor-widget-icon-list" data-id="2791408" data-element_type="widget" data-widget_type="icon-list.default">
				<div class="elementor-widget-container">
							<ul class="elementor-icon-list-items">
							<li class="elementor-icon-list-item">
											<span class="elementor-icon-list-icon">
							<i aria-hidden="true" class="fas fa-circle"></i>						</span>
										<span class="elementor-icon-list-text">Selbstbestimmung</span>
									</li>
								<li class="elementor-icon-list-item">
											<span class="elementor-icon-list-icon">
							<i aria-hidden="true" class="fas fa-circle"></i>						</span>
										<span class="elementor-icon-list-text">Vertrauensschutz</span>
									</li>
								<li class="elementor-icon-list-item">
											<span class="elementor-icon-list-icon">
							<i aria-hidden="true" class="fas fa-circle"></i>						</span>
										<span class="elementor-icon-list-text">Verschiedene Informationsveranstaltungen zum Thema rechtliche Unterstützung</span>
									</li>
						</ul>
						</div>
				</div>
				</div>
		<div class="elementor-element elementor-element-21fdeff e-con-full e-flex e-con e-child" data-id="21fdeff" data-element_type="container">
		<div class="elementor-element elementor-element-ff537dc e-flex e-con-boxed e-con e-child" data-id="ff537dc" data-element_type="container" data-settings="{&quot;background_background&quot;:&quot;classic&quot;}">
					<div class="e-con-inner">
				<div class="elementor-element elementor-element-8f04d18 elementor-widget elementor-widget-heading" data-id="8f04d18" data-element_type="widget" data-widget_type="heading.default">
				<div class="elementor-widget-container">
					<h6 class="elementor-heading-title elementor-size-default">Ort:</h6>				</div>
				</div>
				<div class="elementor-element elementor-element-85f21c9 elementor-widget elementor-widget-text-editor" data-id="85f21c9" data-element_type="widget" data-widget_type="text-editor.default">
				<div class="elementor-widget-container">
									<p>Wolfgang-Müller-Str. 7a 53474 Bad Neuenahr-Ahrweiler</p>								</div>
				</div>
				<div class="elementor-element elementor-element-8b615d0 elementor-widget elementor-widget-heading" data-id="8b615d0" data-element_type="widget" data-widget_type="heading.default">
				<div class="elementor-widget-container">
					<h6 class="elementor-heading-title elementor-size-default">Tel:</h6>				</div>
				</div>
				<div class="elementor-element elementor-element-5e6ad8a elementor-widget elementor-widget-text-editor" data-id="5e6ad8a" data-element_type="widget" data-widget_type="text-editor.default">
				<div class="elementor-widget-container">
									<p><a>+49 2641 9506320</a></p>								</div>
				</div>
				<div class="elementor-element elementor-element-592d331 elementor-widget elementor-widget-heading" data-id="592d331" data-element_type="widget" data-widget_type="heading.default">
				<div class="elementor-widget-container">
					<h6 class="elementor-heading-title elementor-size-default">Fax:</h6>				</div>
				</div>
				<div class="elementor-element elementor-element-8f93cf1 elementor-widget elementor-widget-text-editor" data-id="8f93cf1" data-element_type="widget" data-widget_type="text-editor.default">
				<div class="elementor-widget-container">
									<p>02641-2016184217</p>								</div>
				</div>
				<div class="elementor-element elementor-element-aefc08f elementor-widget elementor-widget-heading" data-id="aefc08f" data-element_type="widget" data-widget_type="heading.default">
				<div class="elementor-widget-container">
					<h6 class="elementor-heading-title elementor-size-default">Email:</h6>				</div>
				</div>
				<div class="elementor-element elementor-element-f3d1f1a elementor-widget elementor-widget-text-editor" data-id="f3d1f1a" data-element_type="widget" data-widget_type="text-editor.default">
				<div class="elementor-widget-container">
									<p>info@btv-rar.de</p>								</div>
				</div>
					</div>
				</div>
				</div>
					</div>
				</div>
				</div>

<p>Eine Betreuungsverfügung ist ein wesentliches Instrument der rechtlichen Vorsorge, das es einer Person ermöglicht, im Voraus festzulegen, wer im Falle einer zukünftigen Entscheidungsunfähigkeit als Betreuer bestellt werden soll. Sie stellt sicher, dass im Bedarfsfall eine Person des Vertrauens die Betreuung übernimmt und im Sinne des Verfügenden handelt. Im Gegensatz zur Vorsorgevollmacht wird der Betreuer von [&hellip;]</p>
